101 (base 3) to base 4
-22
What is 22 (base 13) in base 6?
44
Convert 1101 (base 2) to base 4.
31
What is 36 (base 8) in base 13?
24
What is -20 (base 10) in base 5?
-40
Convert -1 (base 7) to base 5.
-1
30 (base 6) to base 7
24
10 (base 11) to base 5
21
-21 (base 12) to base 16
-19
Convert 10 (base 9) to base 16.
9
Convert 0 (base 8) to base 4.
0
What is 1 (base 2) in base 8?
1
Convert 110021 (base 3) to base 11.
281
-14 (base 7) to base 5
-21
What is 101 (base 10) in base 13?
7a
-163 (base 8) to base 6
-311
What is 135 (base 10) in base 12?
b3
What is -26 (base 8) in base 13?
-19
Convert -1101 (base 2) to base 5.
-23
What is -54 (base 9) in base 8?
-61
121 (base 3) to base 7
22
-1 (base 6) to base 14
-1
Convert 4b (base 15) to base 6.
155
-26 (base 7) to base 3
-202
1131 (base 4) to base 10
93
Convert 23 (base 11) to base 12.
21
What is -151 (base 6) in base 12?
-57
Convert 22 (base 4) to base 7.
13
What is -4 (base 13) in base 7?
-4
Convert 204 (base 6) to base 8.
114
100011 (base 2) to base 9
38
5 (base 7) to base 3
12
Convert -5 (base 8) to base 11.
-5
3 (base 15) to base 11
3
What is 12 (base 7) in base 14?
9
-3 (base 15) to base 6
-3
Convert -1000 (base 2) to base 3.
-22
Convert -222 (base 4) to base 2.
-101010
101 (base 2) to base 13
5
-110 (base 2) to base 16
-6
Convert 83 (base 13) to base 10.
107
2 (base 8) to base 15
2
Convert -22 (base 6) to base 12.
-12
What is -1b (base 16) in base 8?
-33
7 (base 10) to base 13
7
What is -2 (base 5) in base 9?
-2
What is 48 (base 15) in base 9?
75
Convert -8 (base 14) to base 15.
-8
Convert 1 (base 3) to base 7.
1
What is -11 (base 3) in base 16?
-4
What is 2 (base 14) in base 16?
2
What is -1a (base 13) in base 3?
-212
Convert 40 (base 11) to base 16.
2c
What is 3032 (base 4) in base 5?
1311
-aa (base 14) to base 11
-127
What is -1 (base 7) in base 10?
-1
What is -60 (base 14) in base 10?
-84
Convert 2a (base 14) to base 13.
2c
What is 22 (base 5) in base 13?
c
Convert 36 (base 10) to base 11.
33
-3 (base 11) to base 6
-3
What is 0 (base 15) in base 7?
0
What is 55 (base 14) in base 4?
1023
-60 (base 13) to base 16
-4e
What is -11021 (base 3) in base 10?
-115
1 (base 8) to base 12
1
Convert 1323 (base 5) to base 11.
184
Convert -4 (base 16) to base 15.
-4
Convert -44 (base 5) to base 6.
-40
Convert 9 (base 12) to base 8.
11
What is -10001 (base 2) in base 15?
-12
Convert -79 (base 16) to base 7.
-232
What is 2032 (base 5) in base 7?
531
1012 (base 3) to base 6
52
Convert -19 (base 12) to base 6.
-33
Convert 19 (base 11) to base 13.
17
What is 11 (base 6) in base 14?
7
Convert 10 (base 3) to base 16.
3
Convert 111 (base 4) to base 14.
17
What is -2 (base 9) in base 16?
-2
What is 90 (base 15) in base 8?
207
Convert -5 (base 11) to base 6.
-5
Convert 534 (base 6) to base 4.
3022
-120 (base 4) to base 12
-20
-b (base 15) to base 2
-1011
Convert -256 (base 9) to base 2.
-11010101
What is b (base 12) in base 5?
21
-8 (base 16) to base 6
-12
What is 4 (base 5) in base 2?
100
21121 (base 3) to base 11
177
What is 1 (base 4) in base 13?
1
0 (base 15) to base 8
0
Convert 8 (base 9) to base 6.
12
Convert -82 (base 11) to base 4.
-1122
19 (base 12) to base 10
21
-32 (base 7) to base 12
-1b
What is -134 (base 7) in base 6?
-202
-9b (base 12) to base 14
-87
What is 12 (base 9) in base 7?
14
What is 119 (base 15) in base 2?
11111001
Convert 1 (base 2) to base 16.
1
What is 0 (base 8) in base 15?
0
2 (base 9) to base 11
2
0 (base 3) to base 11
0
-1 (base 16) to base 2
-1
-15 (base 11) to base 14
-12
What is 1 (base 2) in base 8?
1
185 (base 16) to base 12
285
10121 (base 3) to base 13
76
What is -101001 (base 2) in base 16?
-29
Convert -2 (base 14) to base 15.
-2
-2 (base 8) to base 3
-2
What is -418 (base 10) in base 11?
-350
Convert 3 (base 8) to base 15.
3
What is 3 (base 15) in base 13?
3
Convert 3 (base 14) to base 12.
3
-13 (base 5) to base 13
-8
What is -101100 (base 2) in base 10?
-44
What is -c7 (base 16) in base 8?
-307
4 (base 8) to base 16
4
-10220 (base 3) to base 4
-1221
Convert 2232 (base 4) to base 8.
256
What is -98 (base 11) in base 8?
-153
Convert -3 (base 15) to base 8.
-3
What is -32 (base 6) in base 12?
-18
Convert -8 (base 15) to base 8.
-10
-4 (base 5) to base 15
-4
Convert 1 (base 3) to base 12.
1
Convert -1 (base 14) to base 13.
-1
Convert 45 (base 12) to base 8.
65
-22 (base 14) to base 3
-1010
-4 (base 12) to base 15
-4
-6 (base 9) to base 13
-6
Convert -19 (base 10) to base 8.
-23
What is -200 (base 4) in base 6?
-52
What is 58 (base 13) in base 14?
53
Convert -11 (base 7) to base 14.
-8
Convert -2 (base 7) to base 5.
-2
What is 69 (base 13) in base 6?
223
-32 (base 15) to base 16
-2f
Convert -7 (base 8) to base 5.
-12
101 (base 4) to base 6
25
Convert 4 (base 15) to base 12.
4
-158 (base 11) to base 12
-134
Convert 59 (base 13) to base 8.
112
What is 111 (base 3) in base 10?
13
Convert -123 (base 8) to base 7.
-146
What is 112 (base 3) in base 12?
12
What is 1 (base 10) in base 16?
1
What is -23 (base 5) in base 12?
-11
6 (base 13) to base 10
6
Convert 25 (base 10) to base 9.
27
-1100 (base 2) to base 16
-c
25 (base 10) to base 4
121
Convert -20211 (base 3) to base 9.
-224
What is 3 (base 6) in base 14?
3
-11 (base 11) to base 2
-1100
Convert 103 (base 4) to base 9.
21
What is -14 (base 8) in base 3?
-110
What is -30 (base 4) in base 9?
-13
Convert 2 (base 9) to base 2.
10
What is 77 (base 15) in base 8?
160
Convert 134 (base 6) to base 13.
46
What is -20 (base 3) in base 5?
-11
-320 (base 4) to base 12
-48
What is -2 (base 16) in base 12?
-2
57 (base 9) to base 13
40
What is 158 (base 14) in base 12?
1aa
What is 1 (base 4) in base 8?
1
-52 (base 9) to base 11
-43
Convert -3 (base 16) to base 15.
-3
Convert 0 (base 3) to base 11.
0
-10110 (base 2) to base 11
-20
What is -1100000 (base 2) in base 8?
-140
-6 (base 11) to base 12
-6
Convert -11 (base 3) to base 16.
-4
-76 (base 13) to base 10
-97
What is 7 (base 8) in base 5?
12
What is bd (base 14) in base 12?
11b
What is 1 (base 4) in base 13?
1
0 (base 14) to base 11
0
Convert -10 (base 13) to base 10.
-13
1012 (base 3) to base 11
2a
2 (base 6) to base 11
2
1c (base 16) to base 4
130
What is 10 (base 13) in base 3?
111
-15 (base 9) to base 15
-e
What is -1 (base 16) in base 6?
-1
Convert -15 (base 9) to base 5.
-24
-168 (base 10) to base 11
-143
What is 2 (base 12) in base 5?
2
What is -4 (base 11) in base 8?
-4
Convert 30 (base 6) to base 4.
102
What is 1001111 (base 2) in base 12?
67
141 (base 8) to base 3
10121
What is -1211 (base 3) in base 16?
-31
What is 111 (base 3) in base 6?
21
What is -2f (base 16) in base 15?
-32
Convert 4 (base 10) to base 2.
100
What is -2 (base 6) in base 14?
-2
What is -9 (base 16) in base 5?
-14
Convert -312 (base 5) to base 14.
-5c
What is 101010 (base 2) in base 9?
46
What is 20 (base 4) in base 7?
11
What is -a (base 13) in base 10?
-10
What is -22 (base 9) in base 5?
-40
Convert 0 (base 3) to base 9.
0
Convert 21 (base 7) to base 3.
120
Convert 38 (base 10) to base 8.
46
2 (base 14) to base 7
2
What is -4 (base 5) in base 11?
-4
What is -3 (base 16) in base 10?
-3
3c (base 15) to base 3
2010
3 (base 12) to base 2
11
Convert 10 (base 6) to base 15.
6
21 (base 7) to base 4
33
-12 (base 9) to base 4
-23
2 (base 4) to base 10
2
Convert 25 (base 9) to base 10.
23
Convert -59 (base 11) to base 10.
-64
150 (base 11) to base 10
176
42 (base 8) to base 11
31
What is -4 (base 9) in base 13?
-4
Convert -14 (base 6) to base 8.
-12
What is 2 (base 6) in base 16?
2
21 (base 4) to base 9
10
Convert 2 (base 4) to base 15.
2
Convert -12 (base 9) to base 8.
-13
Convert 21 (base 3) to base 12.
7
142 (base 8) to base 5
343
Convert -101 (base 2) to base 13.
-5
Convert 3 (base 10) to base 2.
11
What is -10 (base 8) in base 6?
-12
4 (base 8) to base 13
4
-425 (base 7) to base 14
-115
What is a (base 16) in base 2?
1010
Convert 46 (base 16) to base 6.
154
6 (base 13) to base 16
6
4 (base 11) to base 3
11
-35 (base 14) to base 10
-47
What is 1110 (base 2) in base 16?
e
What is -29 (base 14) in base 2?
-100101
What is 130 (base 5) in base 6?
104
104 (base 5) to base 2
11101
What is -10 (base 13) in base 16?
-d
What is -22 (base 16) in base 3?
-1021
What is 9 (base 13) in base 10?
9
4 (base 11) to base 6
4
Convert 